 (-4 - 0))?
-3
7 + (-11 + 23 - 15)
4
What is the value of 45 + (-100 - -42) + (1 - 1)?
-13
(-8 - (-21 - (2 - 13))) + -31
-29
What is the value of -3 - -8 - (24 + -27)?
8
Calculate (40 - 0) + (893 - 956).
-23
Evaluate 43 + -42 - (4 + (3 - 5) + 1).
-2
(7 - (12 + -12)) + -22
-15
Evaluate (-5 + 4 + 1 - -1) + -5 + 1.
-3
What is (23 - 14) + (1 + -8 - -3)?
5
What is 9 - (-21 - -16) - 19?
-5
25 - (-4 - (9 - (0 + 13)))
25
1 - (3 + (14 - 13)) - 16
-19
What is the value of 13 - (23 - 24) - (1 - -31)?
-18
Evaluate 10 + (-15 - -4) - 9 - 1.
-11
What is 0 + -4 + -17 + 6 + (-5 - -22)?
2
What is the value of (-10 - -9) + -4 + 25 + -2?
18
What is the value of 9 - (-4 + 4 + (-3 - 3))?
15
Calculate 9 - (-36 + 15 - -19).
11
Evaluate -40 + 73 + -44 - -11.
0
What is -13 - (-9 + (25 - 35))?
6
Calculate -319 - -335 - (2 - 1).
15
-59 - -38 - 23 - -24
-20
-10 + 6 + 18 - 1
13
Calculate 4 - (7 + (29 - -6 - 10)).
-28
Calculate 181 + -182 + (-4 - 1).
-6
Calculate 8 - (-15 + 6 + 15 + (0 - 2)).
4
What is 162 + -71 - 67 - (1 - 1)?
24
Evaluate 10 - (-5 - (11 + -18) - -3).
5
What is the value of 17 + -17 + (13 + -3 - -1)?
11
Evaluate 22 + -9 + -7 - 5.
1
5 - (-39 - (-13 - -5))
36
-3 + (1 - (2 + -2)) + (-26 - -19)
-9
35 + (-11 + 13 - 7 - 4) - 1
25
Calculate -21 - ((8 - 1) + 4 - 12).
-20
Evaluate -2 - (2 + -4) - -11.
11
16 + -18 + (14 - 2) + (2 - 0)
12
20 + -20 + (-59 - -20)
-39
What is the value of -1 + -2 + (-4 - (-14 - -16 - -1))?
-10
13 + -3 - (23 - 17)
4
What is the value of -47 + (22 + -17 - -31)?
-11
19 + -14 + 7 + 6
18
What is 11 + (-17 + -2 - 7)?
-15
Evaluate 599 + -575 + 9 + (0 - 3).
30
Evaluate 16 + -15 + 4 - 2 - (1 + 2).
0
Evaluate -12 + 13 + -5 + 0.
-4
2 + -1 + -10 + -17 + 73 + -55
-8
What is 29 + (-24 + 17 - 19)?
3
Evaluate -2 + -22 - (-37 - (40 + -62)).
-9
Calculate -5 + (5 - -10) - 5 - 0.
5
What is the value of 12 + -30 + (9 - 15) + 21?
-3
Calculate (6 - -13) + -58 + 45.
6
Evaluate 7 + (-14 + 43 - 9).
27
What is the value of 187 - 206 - (-20 - 2)?
3
Calculate (-3 - 0 - (3 + (5 - 2))) + 0.
-9
Calculate -10 + (1 + 12 - 9 - 15 - -21).
0
8 + 19 + -46 + (12 - 0) + 37
30
What is the value of (20 - (10 - -13)) + 19 + (0 - 5)?
11
What is the value of 6 + 5 - (2 + -9 + 12) - 2?
4
What is the value of (-22 - (-4 - -13 - 14)) + -9?
-26
Evaluate 39 - 42 - (1 + 4 + -1 + 4).
-11
Calculate -15 + 29 + (-17 - -13).
10
What is 8 + -6 + -9 + 3 + 12?
8
Calculate 33 + -35 + -4 + 5.
-1
What is 4 + (-1 - 1) - (77 - 59)?
-16
(3 - -7) + 3 - (14 - -38)
-39
10 + (1 + 9 - 13) + -1 + 1
7
What is (6 + -4 - -6 - 5 - 2) + -40?
-39
Evaluate (-32 - 21) + 81 + -18 + 0.
10
What is 5 + -14 + (-7 - -35) + 1?
20
What is the value of 18 - (17 - (-20 - -9))?
-10
-28 - (17 + 12 + -73)
16
What is the value of 1444 + -1477 + (-1 - (-3 - -5))?
-36
What is 11 + (-17 - (43 - 19))?
-30
What is the value of -17 - -3 - (47 + -38)?
-23
Calculate (-52 - 30) + 83 - (-2 - (0 - -6)).
9
Evaluate -8 - (8 + (20 + -10 - 19)).
-7
-3 + 2 + (0 - -4) + -179 + 177
1
Calculate (17 + -49 - -19) + 16.
3
What is the value of 4 - ((52 - 44 - (0 - 1)) + -3)?
-2
Calculate 0 + -3 + 1 + (-8 - -9).
-1
What is -9 + 5 + -42 + 27?
-19
Evaluate 15 + -14 - -5 - (6 - 2).
2
What is the value of -7 + 20 + -14 + -5?
-6
What is (-5 + -9 + -13 - -14) + (1 - -1)?
-11
Evaluate 4 - (-16 + (17 - -11) + -30).
22
Evaluate 8 - (-6 - (-2 + -22) - 4).
-6
Evaluate -5 - -22 - (74 - 53).
-4
12 + 315 + -313 + (-5 - (1 + 0))
8
Calculate -3 + (16 - 27 - (11 - 16)).
-9
Calculate -3 - ((-56 - -54) + (-1 - 7) + 18).
-11
-6 + -5 + (9 - 4 - 5) + 11
0
Calculate -6 + (-1 - -3) - ((19 - 31) + 16).
-8
What is (-18 - (55 + -58)) + (19 - -2)?
6
Calculate -28 - (7 + -20 + 6) - -9.
-12
What is the value of 13 - (12 - (5 - -9)) - -11?
26
What is -7 - 8 - -9 - (3 + 0)?
-9
What is -8 - ((6 - 23) + 8)?
1
What is the value of -9 + (25 - 8) + (-36 - 0)?
-28
What is (1 - 5) + (9 - (15 - 2)) - 8?
-16
0 + -4 + 19 + -28
-13
What is the value of (-7 - (-2 - -4)) + 8 - 7 - 2?
-10
What is the value of -26 + 27 + 5 - 11?
-5
Evaluate -3 - (12 - (23 - 13)) - 10.
-15
Calculate -6 - ((24 - 16) + -29).
15
Evaluate 81 + -72 + 0 + -2 + -12.
-5
Calculate -23 - -17 - (-1 + 0 + 3).
-8
Calculate 3 + 1 + 9 + (29 - 49).
-7
-93 - -76 - (-28 - -1)
10
What is 30 + 14 + (-5 - (-20 + 20))?
39
What is -20 + 9 + (2 - (11 + -1 - -6))?
-25
Calculate 4 + -15 + (20 - 51) + 14.
-28
What is the value of 5 + -4 + (0 - (7 + -1))?
-5
Calculate 8 - (11 + 0 + -6 + -3).
6
What is the value of -21 - -18 - (-4 - -2)?
-1
What is the value of (4 - 13) + -69 + 64 + -5?
-19
1 + -22 + -5 - (35 + -45)
-16
7 - 0 - (-40 - -47)
0
Calculate -8 - (-1 - (-41 - -38 - (-3 - 2))).
-5
What is 2 - (-8 + 11 + 10 + -5)?
-6
Evaluate -14 + 0 - (17 - (35 + -13)).
-9
Evaluate -1 + -13 - (-19 - 2).
7
Evaluate (-8 + -4 - -3) + 8 + -7 - -18.
10
Evaluate 6 - (26 + (-23 - -10)).
-7
Evaluate -8 - (-21 - 10 - (-5 + 6 + -1)).
23
Evaluate -32 + 15 - (-17 - -7).
-7
Evaluate (1 + -20 + 5 - -4 - -3) + -5.
-12
Evaluate (-10 + 23 - 4 - 13) + 9.
5
-6 + (-5 - (8 + -27) - 4)
4
What is 61 + -55 - (-1 - (-4 - (-1 - -5)))?
-1
What is the value of (-27 + 32 - 11) + (2 - -1)?
-3
Calculate (14 - 0) + 128 + -144.
-2
Calculate -7 + (2 - 12) + (26 - 3) + -16.
-10
Calculate -84 + 71 - (5 - 42).
24
What is the value of 15 + (-8 + -3 - -5)?
9
What is the value of (54 - (3 + 23)) + -48?
-20
-3 - (-4 + (3 - 5) + -4 + 2)
5
Evaluate (13 - 8) + 18 - 33.
-10
Evaluate (34 - (111 - 35)) + 7.
-35
What is -2 + -32 + 933 + -894?
5
(-1 - (-2 + 1 + 3)) + (-12 - 3)
-18
Calculate 6 + (-9 - -5) + 1 + -6 - 0.
-3
(13 - 7) + -7 + -4 - -18
13
What is 188 - 194 - (1 + 4)?
-11
Calculate (-1 - -9) + (-47 - -40).
1
Evaluate 2 + (0 - -5) + (9 + 3 - 16).
3
Evaluate 4 + (-21 + 2 + 6 - -10).
1
What is the value of -14 + 9 + 12 + -7?
0
45 - ((-7 - 26) + 56)
22
What is 5 - (2 + (-2 - -5) - 7)?
7
Evaluate -3 - 0 - (38 + -6 + -42 + 26).
-19
Calculate -93 + 114 + (-17 - 2).
2
What is the value of 0 - -37 - (-39 - -61)?
15
What is the value of 0 - -5 - (5 - 11 - (6 + -4))?
13
Evaluate -3 + -7 + 3 + (-7 - (3 + -15)).
-2
What is 3 + 1 + -1 + 18 + 3 + 0?
24
Calculate (1 + -8 - -7) + -4 + 6 + 16.
18
What is -26 + (3 - (24 - ((21 - 12) + 3)))?
-35
What is (-10 - -10 - -14 - 32) + -7?
-25
What is the value of (109 - 101) + 8 + (6 - 21)?
1
Calculate 27 + -38 + 6 + -4.
-9
What is the value of -24 - (32 - (-16 - -68))?
-4
Evaluate 9 - (4 + -18 + 9 + -5).
19
What is 18 + (20 - 31) + -7?
0
Calculate -22 - (-23 - (-9 - 1)).
-9
What is the value of -1 + 0 + (-13 - -15 - 1 - -3)?
3
What is (-11 - (-33 + 8)) + -23?
-9
Evaluate -2 + -15 - (-12 + -10).
5
What is the value of -45 - (5 - 33) - -29?
12
Calculate (2 - (6 + (8 - 5))) + 2.
-5
(-21 - -10) + 22 - 2
9
Evaluate 6 - (-1 - -11 - -4).
-8
42 + -31 + 35 + -20
26
Calculate 41 - (34 - 5) - (9 + -1).
4
Calculate (-4 - 21) + (-10 + 3 - -18).
-14
What is the value of (-2 - (-6 + (-8 - -28))) + 3?
-13
2 + -27 + (-11 - -6 - -13)
-17
Evaluate (0 - 1) + 2 - (34 + -43).
10
What is the value of 1 + (-5 - -4) + (-5 - -3)?
-2
What is the value of (3 - 3 - (4 - -3)) + -8?
-15
What is the value of -25 - -22 - (-4 + (-3 - -7))?
-3
-18 - (-18 - ((26 - 16) + -1))
9
What is the value of 10 - ((-19 - -64) + -19)?
-16
What is the value of 6 - -9 - 3 - 1?
11
Calculate 1 + 6 - (1 + 6) - -3.
3
14 - (-3 + -15 + 8 - (4 + -14))
14
(-7 - -25 - 23) + 7
2
What is the value of (5 - (4 - -1)) + -6 - (-4 - -5)?
-7
What is the value of 0 + (-3 - (30 + -15))?
-18
Calculate 0 - (-12 + 15 - -5).
-8
What is the value of (-18 - -4) + 24 + 4 - -11?
25
What is the value of 0 - -35 - (1039 + -1015)?
11
(39 - 41) + 10 - (-6 - (-3 - -2))
13
What is 4 + 8 + -16 - -10?
6
-1 + 1 + -10 + 0 + (-22 - -18)
-14
What is -121 - -120 - ((-1 - -3) + -3 + 1)?
-1
Calculate (5 + -2 + -1 - (110 - 117)) + -1.
8
Calculate (-3 - -3) + -5 + 7 + 2 + 5.
9
What is the value of 12 + -3 - -16 - 8?
17
Evaluate (-10 - -8) + -5 - -2.
-5
What is 8 + -2 - (-2 + -3) - 33?
-22
What is the value of (2 - -9) + (19 - 7 - 20)?
3
What is the value of -15 - (-10 + -6) - 9?
-8
Evaluate 9 + (-30 - (4 - 11)) + 3.
-11
What is the value of 2 + -14 + -265 + 257?
-20
Calculate -1 + 7 + (-4 - -10 - (0 + 11)).
1
What is the value of 23 + (-17 - (-11 - -6))?
11
What is -4 + 8 - 0 - (13 + (-9 - 0))?
0
Evaluate 4 + -15 + 0 + (14 - 2).
1
What is -4 + 18 + -4 - 